ber?
False
Is 671709 a composite number?
True
Is 1661629 composite?
False
Is 472299115 composite?
True
Is 11507759 a prime number?
False
Is 81844321 prime?
False
Is 619061 a composite number?
False
Is 439643 a composite number?
True
Is 4741499 composite?
True
Is 387507 a composite number?
True
Is 46918453 a composite number?
True
Is 270469 a composite number?
True
Is 29204593 a prime number?
False
Is 296627 prime?
True
Is 43062891 a prime number?
False
Is 201537511 a composite number?
True
Is 3359185 composite?
True
Is 54345023 prime?
False
Is 2874013 a prime number?
False
Is 286392779 a prime number?
True
Is 11175223 composite?
False
Is 9356927 prime?
True
Is 75794531 prime?
True
Is 3841009 a prime number?
True
Is 132013 prime?
False
Is 5698921 prime?
True
Is 416871227 prime?
True
Is 123059 a composite number?
False
Is 5276257 composite?
True
Is 59289739 a composite number?
False
Is 20123881 prime?
True
Is 427271111 composite?
True
Is 6590179 a prime number?
False
Is 8816833 a composite number?
True
Is 2940961 prime?
False
Is 65695471 prime?
True
Is 7573673 composite?
False
Is 18257429 prime?
True
Is 25085101 composite?
False
Is 4770221 a prime number?
True
Is 11383067 composite?
True
Is 25153571 composite?
False
Is 688511 prime?
True
Is 2824457 prime?
False
Is 669527 a prime number?
True
Is 17049283 composite?
True
Is 12032354 prime?
False
Is 27208613 a composite number?
False
Is 7954909 prime?
False
Is 45994541 a composite number?
False
Is 50952191 a composite number?
True
Is 28819309 a composite number?
True
Is 36302273 a prime number?
False
Is 1340849 a composite number?
True
Is 28955501 a composite number?
False
Is 11156217 prime?
False
Is 34994873 composite?
True
Is 5860079 composite?
False
Is 158193613 composite?
True
Is 1213049 a prime number?
True
Is 34287709 prime?
False
Is 30055541 prime?
False
Is 1590727 a prime number?
True
Is 1698901 a prime number?
False
Is 759681049 prime?
True
Is 207327 prime?
False
Is 5400691 a prime number?
False
Is 386670803 composite?
False
Is 69697497 prime?
False
Is 14600429 prime?
True
Is 32869 composite?
False
Is 196474853 prime?
True
Is 6722321 composite?
False
Is 19774817 a composite number?
False
Is 207619 composite?
False
Is 214129 a composite number?
False
Is 10103921 a composite number?
False
Is 14006459 a prime number?
True
Is 9721013 composite?
False
Is 22081139 a composite number?
True
Is 43394429 a prime number?
False
Is 202441 a composite number?
False
Is 47485727 a prime number?
True
Is 1007161 composite?
False
Is 1143013 composite?
False
Is 61031 a prime number?
True
Is 16858727 prime?
True
Is 963689 a composite number?
False
Is 37847897 composite?
False
Is 23904527 a composite number?
True
Is 1483787 a prime number?
True
Is 132659 a prime number?
False
Is 138493 a composite number?
False
Is 1183799 a prime number?
True
Is 4381847 prime?
True
Is 1304123 a prime number?
False
Is 10590997 a prime number?
False
Is 2486503 composite?
True
Is 31306461 composite?
True
Is 124072441 prime?
True
Is 93809759 a composite number?
False
Is 8521999 a composite number?
False
Is 14572461 a prime number?
False
Is 264267973 prime?
True
Is 16920251 a prime number?
True
Is 48869081 a prime number?
False
Is 34261387 a composite number?
False
Is 269989394 a prime number?
False
Is 147092863 a prime number?
False
Is 83919973 composite?
True
Is 4468021 prime?
False
Is 26513731 prime?
True
Is 1666961 a composite number?
True
Is 1652289499 composite?
True
Is 1455889 a prime number?
False
Is 3320087 composite?
True
Is 200395943 composite?
True
Is 309759701 composite?
True
Is 92947181 prime?
False
Is 202155209 composite?
True
Is 27861179 a prime number?
True
Is 2166629 prime?
True
Is 626239637 prime?
True
Is 3696227 prime?
True
Is 5087263 a prime number?
True
Is 610925089 composite?
False
Is 1996699 a prime number?
False
Is 124394773 prime?
True
Is 236266637 prime?
True
Is 104257507 a prime number?
False
Is 111408179 a composite number?
True
Is 4916533 prime?
False
Is 94124143 a composite number?
False
Is 8498179 a composite number?
True
Is 69661463 composite?
False
Is 1918573 a prime number?
False
Is 18499 a composite number?
True
Is 3527917 composite?
False
Is 78134171 a composite number?
False
Is 1386647 composite?
True
Is 73659955 a composite number?
True
Is 93822317 a prime number?
True
Is 21305297 a prime number?
False
Is 7325137 prime?
True
Is 4904437 a composite number?
False
Is 424065377 prime?
True
Is 2929501 a composite number?
False
Is 1324753 a prime number?
True
Is 13498129 prime?
False
Is 29535647 prime?
False
Is 818887 prime?
True
Is 41237921 prime?
False
Is 31072643 prime?
False
Is 626302793 prime?
True
Is 438863287 composite?
False
Is 1405207 a prime number?
True
Is 7570313 prime?
False
Is 56711063 composite?
False
Is 14981455 a composite number?
True
Is 3698641 a prime number?
False
Is 23120939 a composite number?
True
Is 9210841 prime?
True
Is 1732571 composite?
True
Is 1243309 prime?
True
Is 1593377 a prime number?
True
Is 235276703 a composite number?
False
Is 49845197 prime?
True
Is 2950329 a composite number?
True
Is 2798218 a composite number?
True
Is 48850831 prime?
False
Is 9306617 a prime number?
True
Is 4396569 a composite number?
True
Is 14689721 prime?
False
Is 12682853 a prime number?
False
Is 2094473 prime?
True
Is 14740189 composite?
False
Is 20585179 composite?
True
Is 5640527 a composite number?
False
Is 587201 prime?
True
Is 67808267 a composite number?
False
Is 204209827 a composite number?
False
Is 240361 prime?
False
Is 1084871 a composite number?
False
Is 487512994 prime?
False
Is 948288019 prime?
False
Is 153994249 a prime number?
False
Is 22015133 a composite number?
True
Is 30107471 prime?
True
Is 8168583 a composite number?
True
Is 1098179 a prime number?
False
Is 6257831 a prime number?
True
Is 4554122 a prime number?
False
Is 63055919 a composite number?
True
Is 218914031 prime?
False
Is 5516597 composite?
True
Is 22396177 composite?
True
Is 1086031 a composite number?
False
Is 65249501 prime?
True
Is 10663027 a composite number?
False
Is 18195451 a composite number?
False
Is 12751601 a prime number?
True
Is 655301 prime?
True
Is 2037131 a prime number?
True
Is 3673339 composite?
True
Is 3156541 prime?
True
Is 470395 a prime number?
False
Is 666643 a prime number?
True
Is 63707717 a prime number?
True
Is 29318537 composite?
True
Is 44659393 a prime number?
True
Is 288140231 prime?
True
Is 24611261 composite?
False
Is 28017141 a composite number?
True
Is 2252611 a prime number?
True
Is 958978285 a composite number?
True
Is 23692321 a composite number?
True
Is 6986599 a prime number?
False
Is 5972543 a composite number?
True
Is 116439677 prime?
True
Is 13863283 a prime number?
False
Is 60109139 prime?
True
Is 5747523 a prime number?
False
Is 12202423 a composite number?
False
Is 454904279 a composite number?
False
Is 4691659 a composite number?
True
Is 2831771 a composite number?
True
Is 5312018 prime?
False
Is 152123509 prime?
False
Is 10061881 composite?
False
Is 2991311 a prime number?
False
Is 9696718 a prime number?
False
Is 1074284573 composite?
True
Is 286858793 a composite number?
True
Is 133801 a prime number?
True
Is 129933623 composite?
True
Is 296960267 prime?
False
Is 243193 a prime number?
False
Is 4194321 a prime number?
False
Is 570541 a prime number?
False
Is 4317239 composite?
False
Is 70289 a prime number?
True
Is 83048317 composite?
True
Is 81178589 a composite number?
True
Is 2288945 composite?
True
Is 53839531 a prime number?
True
Is 89195 prime?
False
Is 10556683 composite?
False
Is 175771439 prime?
False
Is 661145 a prime number?
False
Is 29439419 composite?
False
Is 12663815 a prime number?
False
Is 51104905 prime?
False
Is 125233553 a composite number?
True
Is 105363623 a prime number?
False
Is 32153567 a prime number?
False
Is 3745981 a prime number?
False
Is 2151049 a composite number?
True
Is 62005939 a prime number?
True
Is 135072479 composite?
False
Is 76559 a composite number?
True
Is 1385801 a composite number?
False
Is 4338167 a composite number?
False
Is 9082699 composite?
True
Is 1461986 a prime number?
False
Is 17310949 a prime number?
True
Is 432244909 composite?
True
Is 14106299 a composite number?
False
Is 47610767 a composite n